{"id":34,"date":"2014-03-28T13:31:25","date_gmt":"2014-03-28T13:31:25","guid":{"rendered":"http:\/\/dr-alfred-bretz.de\/?page_id=34"},"modified":"2022-12-14T15:47:33","modified_gmt":"2022-12-14T15:47:33","slug":"kontakt","status":"publish","type":"page","link":"https:\/\/dr-alfred-bretz.de\/?page_id=34","title":{"rendered":"Kontakt"},"content":{"rendered":"<p>Wie Sie uns finden, wenn Sie uns brauchen:<\/p>\n<div class=\"textwidget\">\n<p>Dr. med.dent. Alfred Bretz<br \/>\nM\u00fchlener Markt 2<br \/>\n52222 Stolberg<\/p>\n<p>Tel. &nbsp;+49 (0)2402 25282<br \/>\nFax. &nbsp;+49 (0)2402 25220<br \/>\nMail:&nbsp; <a href=\"mailto:\/\/mail@dr-alfred-bretz.de\">mail@dr-alfred-bretz.de<\/a><br \/>\nWeb: &nbsp;<a href=\"http:\/\/www.dr-alfred-bretz.de\">www.dr-alfred-bretz.de<\/a><\/p>\n<\/div>\n<p><iframe loading=\"lazy\" style=\"border: 0;\" src=\"https:\/\/www.google.com\/maps\/embed?pb=!1m18!1m12!1m3!1d2522.9207596608007!2d6.061836415795339!3d50.77704247165909!2m3!1f0!2f0!3f0!3m2!1i1024!2i768!4f13.1!3m3!1m2!1s0x47c099842690c601%3A0xa229981a5b990495!2sAlfred+Bretz%2C+Dr.+med.+dent.+Zahnarzt!5e0!3m2!1sde!2sde!4v1556433289361!5m2!1sde!2sde\" allowfullscreen=\"allowfullscreen\" width=\"600\" height=\"450\" frameborder=\"0\"><\/iframe><\/p>\n<p><span style=\"color: #3366ff;\"><strong>Telefonische Erreichbarkeit:&nbsp;<\/strong><\/span><br \/>\nMo, Di, Do 9.00 Uhr &#8211; 13.00 Uhr und 15.00 Uhr &#8211; 18.00 Uhr<br \/>\nMi, Fr 9 bis 13:00 Uhr<\/p>\n<p><span style=\"color: #3366ff;\"><strong>Im Notfall:<\/strong><\/span><br \/>\nIn Not-und Schmerzf\u00e4llen hinterlassen Sie bitte Ihren Namen und Telefonnummer auf unserem Anrufbeantworter. Wir setzen uns dann umgehend mit Ihnen in Verbindung.<\/p>\n<p><span style=\"color: #3366ff;\"><strong>Wartezeiten&nbsp;<\/strong><\/span><br \/>\nWir planen die Sprech- und Behandlungszeiten so, dass es f\u00fcr Sie m\u00f6glichst zu keinen Wartezeiten kommt.<br \/>\nDamit wir diesen Service f\u00fcr Sie aufrecht erhalten k\u00f6nnen, m\u00f6chten wir Sie bitten, bei Verhinderungen einen Termin rechtzeitig abzusagen, damit wir diesen Termin f\u00fcr andere Patienten vergeben k\u00f6nnen.<\/p>\n<p>Bei <strong><span style=\"color: #3366ff;\">akuten<\/span><\/strong> <strong><span style=\"color: #3366ff;\">Zahnschmerzen<\/span><\/strong> erhalten Sie auch kurzfristig oder sofort einen Termin.<\/p>\n<p>Vielen Dank!<br \/>\n<span style=\"color: #3366ff;\"><strong>Ihr Praxisteam<\/strong><\/span><\/p>\n","protected":false},"excerpt":{"rendered":"<p>Wie Sie uns finden, wenn Sie uns brauchen: Dr. med.dent. Alfred Bretz M\u00fchlener Markt 2 52222 Stolberg Tel. &nbsp;+49 (0)2402 25282 Fax. &nbsp;+49 (0)2402 25220 Mail:&nbsp; mail@dr-alfred-bretz.de Web: &nbsp;www.dr-alfred-bretz.de Telefonische Erreichbarkeit:&nbsp; Mo, Di, Do 9.00 Uhr &#8211; 13.00 Uhr und &hellip;<\/p>\n<p class=\"read-more\"> <a class=\"more-link\" href=\"https:\/\/dr-alfred-bretz.de\/?page_id=34\"> <span class=\"screen-reader-text\">Kontakt<\/span> Weiterlesen &raquo;<\/a><\/p>\n","protected":false},"author":3,"featured_media":0,"parent":0,"menu_order":5,"comment_status":"closed","ping_status":"closed","template":"","meta":{"footnotes":""},"class_list":["post-34","page","type-page","status-publish","hentry"],"_links":{"self":[{"href":"https:\/\/dr-alfred-bretz.de\/index.php?rest_route=\/wp\/v2\/pages\/34","targetHints":{"allow":["GET"]}}],"collection":[{"href":"https:\/\/dr-alfred-bretz.de\/index.php?rest_route=\/wp\/v2\/pages"}],"about":[{"href":"https:\/\/dr-alfred-bretz.de\/index.php?rest_route=\/wp\/v2\/types\/page"}],"author":[{"embeddable":true,"href":"https:\/\/dr-alfred-bretz.de\/index.php?rest_route=\/wp\/v2\/users\/3"}],"replies":[{"embeddable":true,"href":"https:\/\/dr-alfred-bretz.de\/index.php?rest_route=%2Fwp%2Fv2%2Fcomments&post=34"}],"version-history":[{"count":5,"href":"https:\/\/dr-alfred-bretz.de\/index.php?rest_route=\/wp\/v2\/pages\/34\/revisions"}],"predecessor-version":[{"id":247,"href":"https:\/\/dr-alfred-bretz.de\/index.php?rest_route=\/wp\/v2\/pages\/34\/revisions\/247"}],"wp:attachment":[{"href":"https:\/\/dr-alfred-bretz.de\/index.php?rest_route=%2Fwp%2Fv2%2Fmedia&parent=34"}],"curies":[{"name":"wp","href":"https:\/\/api.w.org\/{rel}","templated":true}]}}